21
Suppose 3*u = 5 + 13. Let i be 1/u - (-508)/(-24). Let o = i + 29. What is the remainder when o is divided by 5?
3
Suppose 0*k - 2*k + 118 = 0. Let u(l) = -3*l**2 - 114*l - 295. What is the remainder when k is divided by u(-35)?
19
Suppose 2*f - 3*f + 2 = -3*y, 0 = -5*f + 2*y - 3. Let i = f + 8. Suppose 104 = i*x - 3*x. What is the remainder when x is divided by 16?
10
Suppose 10*m + 130 = 5*m. Let k = 6 - m. Calculate the remainder when k is divided by 17.
15
Let q(x) = -6*x. Let a be -12 - -25 - (2 - 0). Suppose -4*t = -0*h + 4*h - 44, 0 = -h + 4*t + a. What is the remainder when h is divided by q(-1)?
5
Let z(i) = -i + 23. Let q(j) = 2*j**2 + j. Let b be q(2). Calculate the remainder when z(b) is divided by 4.
1
Let b(l) = l**3 - 11*l**2 + 24*l - 42. Calculate the remainder when 224 is divided by b(9).
8
Calculate the remainder when (-46 + 47)*(1 + 1*92) is divided by 11.
5
Let y = -1564 - -1589. What is the remainder when 91 is divided by y?
16
Suppose -1453 = 8*n - 4885. What is the remainder when n is divided by 18?
15
Let c be (-4)/16*0 - -24. Let l = 79 - c. Calculate the remainder when l is divided by 28.
27
Let w be (-6)/4 - 2/4. Suppose -464 - 52 = -12*h. What is the remainder when h is divided by (3/w)/((-4)/24)?
7
Let v = -2 - -11. Let c = v + -9. Let n = c + 3. Calculate the remainder when 3 is divided by n.
0
Let z(v) = 152*v. Suppose -k + 5*k - 108 = 4*d, 6*k + 2*d = 194. What is the remainder when z(1) is divided by k?
28
Let x(u) = 6*u + 32. What is the remainder when x(7) is divided by 25?
24
Suppose 6*i + 5 = 53. Calculate the remainder when 254 is divided by i.
6
Suppose 4*z - 198 = -2*b, 2*z - 4 = 4*b + 80. Calculate the remainder when 160 is divided by z.
16
Let n = 59 + -45. Calculate the remainder when 52 is divided by n.
10
What is the remainder when 178 is divided by 634/14 + (-12)/42?
43
Calculate the remainder when 130 is divided by (-51)/(-4)*(-64)/(-48).
11
Suppose -5*f - 8 = 17, -3*f = -6*u + 123. Calculate the remainder when 213 is divided by u.
15
Suppose -2*y - 4 = 53*v - 49*v, -4*y + v + 10 = 0. Let f = 44 + 151. Suppose -r = y*r - f. Calculate the remainder when r is divided by 22.
21
What is the remainder when 431 is divided by (-178)/(-6) - -7*(-5)/(-105)?
11
Let h be (-6)/(-4)*(-4)/(-3). Let u = -428 - -455. Calculate the remainder when 51 + h/(-2) + 3 is divided by u.
26
Let w = -1 - -2. Let x be -2 - -5 - (1 + (-12)/6). Calculate the remainder when (105/25 - 3) + x/5 is divided by w.
0
Let b(l) = 11*l**2 + 7*l + 5. Let u be b(-4). Suppose 0 = 4*z - z - u. Calculate the remainder when 202 is divided by z.
49
Suppose -c = -3*c + 192. Suppose -c + 0 = -4*y + 4*g, -4*g = 4*y - 104. Calculate the remainder when -3 + -104*((-7)/(-2) - 4) is divided by y.
24
Suppose 7*c - 423 = 179. What is the remainder when c is divided by 38?
10
Suppose 2*h - 18 = 7*h + 4*t, 4*h - 3*t + 2 = 0. Calculate the remainder when (6*2/36)/(h/(-222)) is divided by 19.
18
Let r(f) = f**2 - 15*f - 85. Calculate the remainder when 612 is divided by r(-6).
38
Calculate the remainder when 117 is divided by (-5889)/(-195) - 3/15.
27
Suppose -41 = j - 105. Let a = j + -51. Calculate the remainder when a is divided by 8.
5
What is the remainder when 372/30 + 3*3/15 is divided by 11?
2
Calculate the remainder when 10381/63 + 4/18 is divided by 42.
39
Let f be 2/(-3)*(-156)/8. Suppose -c + f - 5 = 0. What is the remainder when 31 is divided by c?
7
Suppose -23*a - 656 = -5141. What is the remainder when a is divided by 11?
8
Let z be -70 + (-8)/(-4) + -4 + 2. Let v = 81 + z. Calculate the remainder when 20 is divided by v.
9
Suppose 0 = -2*w + 4*r - 9*r + 53, 2*w - 13 = 3*r. Let a = 22 - w. Suppose 2*j = 2*z - 12, 2*z - 1 = j + a. What is the remainder when z is divided by 2?
1
What is the remainder when 1184 is divided by 30 - ((-9)/3 - -4)?
24
Suppose -11 = -4*f + 5. Let c = f - 4. Suppose -3*s + 18 + 0 = c. Calculate the remainder when 16 is divided by s.
4
Suppose 7*o = 4*o + 54. Let q be (-38)/(-6) - (-8)/(-24). What is the remainder when o is divided by 3/(q*3/30)?
3
Suppose -2*k + 2 = -2. Suppose k*o - 4*o = -34. What is the remainder when -18 + 13 - 108/(-2) is divided by o?
15
Suppose -10 = -4*r + 5*c, -5*r + c - 4 = 3*c. Calculate the remainder when 57 is divided by (-93)/(-15)*(r + 1)*5.
26
Let l be 4/6*-9 - -6. Suppose 2*d = -4*x + 98, x - 2*d - 6 = 16. Suppose l = -8*a + 6*a + x. Calculate the remainder when 35 is divided by a.
11
Calculate the remainder when 1 is divided by 2 - ((-28)/7 + 5).
0
Let u = -62 + 34. Let l = 41 + u. What is the remainder when 36 is divided by l?
10
Let z(j) = -j**3 - 22*j**2 - 20*j + 36. Calculate the remainder when 48 is divided by z(-21).
3
Let t(r) = 65*r**2. Suppose 0 = -5*c + 2*i - 9, -2*i + 7 = -5*c - i. Suppose -9*f + 187 = 2*f. What is the remainder when t(c) is divided by f?
14
Let g(o) be the second derivative of -5*o**3/6 - 8*o. What is the remainder when 44 is divided by g(-3)?
14
Let v be 3258/11 - 12/66. Calculate the remainder when 22 is divided by 4/(-18) + v/36.
6
Suppose 0 = 39*o - 21*o - 2376. Calculate the remainder when 522 is divided by o.
126
Let l(z) = 2*z**2 + 2*z + 2. Let s be l(-1). Suppose 2*b = -2*b + s*x - 10, 3*b - x + 8 = 0. What is the remainder when (-107)/(b/(-1) - 4) is divided by 27?
26
Let a(x) be the first derivative of x**4/4 - x**3/3 + x**2 + 46*x + 1. Let v be (-8)/20 - 2/(-5). What is the remainder when a(v) is divided by 13?
7
Let i(j) be the first derivative of j**3/3 + 3*j**2 + 5. What is the remainder when 45 is divided by i(-8)?
13
Suppose 0 = 3*p - 163 + 49. What is the remainder when p is divided by 4/(-10)*23*(-10)/4?
15
Suppose 2*q - 4*q = 2. What is the remainder when 16/(-32)*(q + -49) is divided by 7?
4
Suppose 371 = 2*y + 5*l - 19, 913 = 5*y - 3*l. Calculate the remainder when y is divided by 31.
30
Let f = -361 - -753. Calculate the remainder when f is divided by 36.
32
Let d(s) = -s**2 + 3*s. Let k be d(3). Suppose -l - 4 + 3 = k. Let j(o) = 25*o**2. What is the remainder when j(l) is divided by 13?
12
Suppose -22 = 14*j - 316. Let k = 66 + -27. Calculate the remainder when k is divided by j.
18
Let n(o) be the second derivative of 23*o**3/3 + 3*o**2/2 - 16*o. Calculate the remainder when 145 is divided by n(1).
47
Let j = 360 + -166. Suppose -12*m - j = -14*m. Calculate the remainder when m is divided by 20.
17
Let k(a) = 26*a - 207. What is the remainder when 1 is divided by k(8)?
0
Suppose -4 = 3*u + 3*i + 2, -2*u - 13 = 5*i. Let x(t) = 15*t**3 - 2*t**2 + 1. What is the remainder when 25 is divided by x(u)?
11
Let q(k) = -63*k + 71. Suppose 2*i = 4*j + 90, -2*j + 102 = 4*i - 78. What is the remainder when i is divided by q(1)?
5
Suppose 0 = -5*o - 2*d + 607, 0*o + 4*d = 3*o - 385. Let z(l) = 58*l**2 - 692*l + 14. What is the remainder when o is divided by z(12)?
61
Suppose 0 = -22*n + 1963 + 3735. What is the remainder when n is divided by 29?
27
Calculate the remainder when (-1)/(17380/61908 - 4/14) is divided by 60.
21
Let u = -380 + 427. Let h(k) = k. Let o be h(3). Suppose -i - 5*w = 2*i - 24, o*w - 24 = -3*i. Calculate the remainder when u is divided by i.
7
Suppose 29*b = b + 392. Calculate the remainder when 37 is divided by b.
9
Let p be 18/81 - (2 + 264/(-27)). Suppose -p*s + 93 + 347 = 0. What is the remainder when s is divided by 19?
17
Let x = 25 - 3. Suppose 32*i - 35*i = -129. Calculate the remainder when i is divided by x.
21
Let o(n) = 2*n - 1. Let f = 3979 - 5689. What is the remainder when (-2)/(-13) - f/39 is divided by o(8)?
14
Let s = -45 + -85. Calculate the remainder when 34 is divided by (s/(-5))/(-1 - -3).
8
Let q = 17 + 88. Let a be (-14)/(-2)*1 - 2. Suppose a*y + 21 = -0*o + o, 5*o - 186 = -2*y. Calculate the remainder when q is divided by o.
33
Let m = 555 - 421. What is the remainder when m is divided by 31?
10
Suppose p = 2*y + 38, 5*y - 63 = -2*p - 23. What is the remainder when ((-12)/p)/(2/(-40)) is divided by 5?
3
Calculate the remainder when 77 is divided by 375/13 - (-1 - (-55)/65).
19
Let h = 16 - 9. Let c(g) = 58*g - 219. What is the remainder when c(4) is divided by h?
6
Suppose -3*j - 15 = -39. Suppose 4*i = j*i - 40. Suppose i*t + 36 = 13*t. What is the remainder when t is divided by 5?
2
Wh